 u?
13, 19
Suppose -5*j - 20 = 5*a, -2*j + 4*a - 13 = 1. What are the prime factors of (j/(-6 + -4))/(1/188)?
2, 47
Let o(g) = -g**3 - 24. Let h be o(-6). Suppose -3*r = 2*i - h, 4*i + 3*r - 4*r = 384. What are the prime factors of i?
2, 3
Let z(n) = 2*n**2 + 3*n - 4. Let b be z(-3). Suppose 0 = -3*x + 4*x - 2*q - 9, b*q = x - 12. Let y(k) = 2*k + 5. What are the prime factors of y(x)?
19
Suppose k - 5*b = -9, -5*b = -2 - 8. Let t = k - -6. Let z(u) = u + 5. What are the prime factors of z(t)?
2, 3
What are the prime factors of (564/(-16))/(6/(-64))?
2, 47
Let y = 6295 - 2937. List the prime factors of y.
2, 23, 73
Suppose 0 = -14*m + 16*m - 546. What are the prime factors of m?
3, 7, 13
What are the prime factors of 1935 + 6*(-9)/18?
2, 3, 7, 23
Let y(g) = 576*g - 89. What are the prime factors of y(2)?
1063
Let g(z) = -3*z + 5. Let c be g(2). Let q be (-2)/(-1 + c)*1. Let i = q + 6. List the prime factors of i.
7
Let h = -281 + 473. What are the prime factors of h?
2, 3
Let b(a) = 3*a**3 - 5*a**2 + 6*a. Let v(h) = h**2 - h. Suppose -3*f = 2*f - j - 1, -f = 3*j - 13. Let q(l) = f*b(l) + 3*v(l). List the prime factors of q(2).
2, 11
Let a(n) = n**2 + 8*n + 9. Let r(o) = -2*o**2 + o + 17. Let c be r(4). List the prime factors of a(c).
2, 3, 7
List the prime factors of ((-114700)/(-125))/(2/5).
2, 31, 37
Let q(u) = -u**3 - 8*u**2 + 3. Let d be q(-8). Suppose 0 = -d*s + 2*v + 277, 175 + 280 = 5*s - 2*v. List the prime factors of s.
89
List the prime factors of (-1833)/(-2)*(-42)/(-63).
13, 47
What are the prime factors of (-74)/(-333) - (-15332)/18?
2, 3, 71
Let p = 17 - 29. What are the prime factors of 181*4/(p/3)*-1?
181
Let x(d) = 21*d**2 - 5*d - 14. Let m be x(11). List the prime factors of m/21 - (-1)/((-7)/(-2)).
2, 59
Let s = -87 - -1094. List the prime factors of s.
19, 53
Let u = -123 - -60. Let n = 134 + u. List the prime factors of n.
71
Let j = -358 - -90. Let k = 408 + j. List the prime factors of k.
2, 5, 7
Let n(f) = f + 7. Let i be n(-4). Let g be (0 - i)/(3/34). List the prime factors of -1*1 - (8 + g).
5
Let x(a) = -a**3 + 8*a**2 + 8*a - 12. Let n be x(7). Suppose -30 - n = -3*m. What are the prime factors of m?
41
Suppose 5*y = y + 8. Suppose y*u + 3*u - 120 = 0. What are the prime factors of (1 - -1)/(2/u)?
2, 3
Let h(z) = -52*z + 160. List the prime factors of h(-8).
2, 3
Let j(v) = -v**3 + 21*v**2 + 24*v - 41. Let y be j(22). Suppose 4*m + t - 356 = 4*t, m = -y*t + 104. What are the prime factors of m?
2, 23
Let f be ((-15)/30)/((-1)/84). Let v = 66 - f. List the prime factors of v.
2, 3
Suppose -4*k - a + 10 = -11, -37 = -3*k - 5*a. Let p be (-1664)/(-91) - k/14. Let h = p - 14. What are the prime factors of h?
2
Suppose 0 = a - 2418 + 129. List the prime factors of a.
3, 7, 109
List the prime factors of 20/25 + 40808/40.
1021
Let n(l) = -179*l - 334. List the prime factors of n(-24).
2, 7, 283
Suppose 3*d - 12 = 3. Let b = d - 11. What are the prime factors of (-4)/b - 410/(-15)?
2, 7
Suppose t = -l - 3*l + 19, 20 = 5*l + 5*t. Suppose 427 = 4*o - h - 172, l*o - h = 748. What are the prime factors of o?
149
Let q = 991 + -538. List the prime factors of q.
3, 151
Let f be 30/(-4)*(-4)/3. Let a be 6/4 + 105/f. Suppose 3*v + a = 6*v. List the prime factors of v.
2
Suppose -15 = -m - 4*i, 0 = 3*i - 3 - 6. Suppose 2*f - m*q - 35 = -0*q, 0 = -3*f + q + 63. What are the prime factors of f?
2, 11
Let n(v) = v**3 + 33*v**2 + 74*v + 8. List the prime factors of n(-30).
2, 61
Suppose -6*s = 3*n - 5*s - 9, 6 = 2*n - 5*s. Suppose n*q = -2*q + 525. Suppose q = 8*l - 5*l. List the prime factors of l.
5, 7
Let s = -5122 + 8673. List the prime factors of s.
53, 67
List the prime factors of ((-22246)/42)/((-4)/12).
7, 227
Suppose -4*p + 12 = -4*b, 2*p = -2*p + b. Let q be 158*2/(-4)*p. Let w = q - 38. List the prime factors of w.
41
Suppose -3*l = 2*l - 65. Suppose -s + l = -0. What are the prime factors of s?
13
Let l = -9 + 11. Let k be 1/l*-4*-2. Suppose q + 159 = 4*h - 4*q, -k*q = -4. What are the prime factors of h?
41
Let i = 655 - -5146. What are the prime factors of i?
5801
Let b = -4 + -5. List the prime factors of b + 8 + 22*1.
3, 7
Let u(f) = 2*f**3 - 5*f**2 + 2*f + 5. Let i be 9 - (0 - (-16)/4). Suppose -i*o - 2*m = -23, 0*o + 5*o - m - 11 = 0. List the prime factors of u(o).
2, 5
List the prime factors of 2050530/870 - 4/(-58).
2357
Suppose -5 = 3*q + 3*s - 26, -q + 4*s = 3. Suppose 0 = -5*g + 5, 2*z - 8 = -q*g + 5. Suppose 2*w - 5*w + 93 = z*k, -47 = -k + 4*w. List the prime factors of k.
3
Let t = 12670 - 7547. List the prime factors of t.
47, 109
Let f = -3117 - -4823. What are the prime factors of f?
2, 853
Suppose 3*v + 3 = 0, 4*v = -5*k - v + 11875. List the prime factors of k.
2, 3, 11
Suppose 0 = -4*j + 2*j - 5*z - 105, 5*j - 3*z = -216. List the prime factors of (-2)/9 + (-8380)/j + -3.
3, 61
Suppose 2*m = -4, -k + 12 = k - 4*m. Suppose 33 = k*s - 159. What are the prime factors of s?
2, 3
Suppose -2*h = -19 - 25. Suppose -h = -2*j + 2*t, 5*j - t = 5 + 42. Let v = 14 + j. What are the prime factors of v?
23
Let c(r) be the third derivative of r**6/120 - r**5/10 + r**4/4 - r**3/3 - 10*r**2. List the prime factors of c(6).
2, 17
Suppose 3*w = -26*w + 1740. List the prime factors of w.
2, 3, 5
Let y be 72*(5/10 + -2). Let n = 73 - y. What are the prime factors of n?
181
Let r(g) = -g + 9. Let k be r(5). Suppose k*d + d = 365. Suppose -4*h = -d - 19. List the prime factors of h.
23
List the prime factors of 6/48 - (4506/16)/(-3).
2, 47
Let n be -3 + 1 + (2 - 17). Let l = n - -8. Let j = 9 - l. List the prime factors of j.
2, 3
Let l = -89 - -90. Let g(w) = w**2 - 3*w - 6. Let p be g(5). What are the prime factors of l*13/(-3 + p)?
13
Suppose 0 = 4*k + n - 3, k - 4*n + 12 = 2*k. Let u = k - 2. List the prime factors of ((-85)/10)/(u/4).
17
Let r = 4 + -4. Let p = r - -2. Suppose 15 = 7*w - p*w, -5*w - 29 = -4*a. List the prime factors of a.
11
Let s(n) = n**2 + 3*n + 5. Let l be s(-7). Let v = -21 + l. Suppose -v = -3*t - t. List the prime factors of t.
3
Suppose 4263 = 2*c + 5*a, 0 = 4*c - 4*a - 1473 - 7011. List the prime factors of c.
2, 3, 59
Let r(l) = l + l**3 - 2*l - 3 + 0*l**2 + 3*l**2 + 3*l**2. Let q be r(-6). Suppose -4*n = q*o - o - 28, 2*o + 3*n - 28 = 0. What are the prime factors of o?
2, 7
What are the prime factors of 1 + 430 - -11*(-2)/(-11)?
433
Let p(b) = b**2 - 1. Let z be p(1). Suppose z*d + 6*d - 1182 = 0. List the prime factors of d.
197
Let j(r) = -r + 740. List the prime factors of j(-11).
751
Let w = 202 - 149. Suppose w*t = 46*t + 945. List the prime factors of t.
3, 5
Let r(g) = 2*g + 23. Let y be r(-9). Suppose -4*u = y*p - 3*u - 764, 3*p = -4*u + 455. What are the prime factors of p?
3, 17
Suppose -4*r - 4*l + 1642 = -1346, -5*l = -3*r + 2273. List the prime factors of r.
751
Let c = -132 - -715. What are the prime factors of c?
11, 53
Let d(k) = -k**2 + 3*k - 2. Let g be d(2). Suppose g = 6*w - 5*w - 49. List the prime factors of w.
7
Suppose 0 = -8*k + 3*k + 10. Suppose 37 = k*x - 29. List the prime factors of x.
3, 11
Suppose 5*k = 2*k + 15. Suppose -h - h = 5*g + 13, -3*g - 4*h - k = 0. What are the prime factors of g - (-4)/(4/27)?
2, 3
Let n(u) = u**3 - 53*u**2 - 46*u + 140. List the prime factors of n(54).
2, 11, 13
Suppose -2*r + z + 62 = 0, -18*z - 93 = -3*r - 13*z. List the prime factors of r.
31
Suppose -2*t - 2*a + 632 = 0, 2*t = -0*t + 4*a + 626. Let d = t + -165. What are the prime factors of d?
2, 3, 5
Let c = -29 - -13. List the prime factors of ((-108)/c)/(-9)*-4.
3
Let n(p) = 10*p - 10. Let y be n(4). Suppose -3*b - y + 594 = 3*h, 0 = 5*b + h - 936. What are the prime factors of b?
11, 17
Suppose 29 - 17 = 4*u, -5*u + 55 = -5*p. Let v(q) = -179*q - 1. Let b be v(1). List the prime factors of (8/10)/(p/b).
2, 3
Let g be 0 - 0*(-2)/(-8). Suppose -4*z + 2*z + 10 = g. Suppose -z*p + 49 = -21. List the prime factors of p.
2, 7
Let s(h) = 14*h + 9. Let r be s(9). Suppose 5*t - 140 = -0*t + 5*d, 0 = -5*t + 4*d + r. Let g = 18 + t. What are the prime factors of g?
41
Suppose 5*c = -2*f - 456, 2*f = 2*c + f + 177. Let u = 115 + c. List the prime factors of u.
5
Let k = -772 - -454. Let y be 3 - 1 - (-5 + k). List the prime factors of 3/(-2) - y/(-10).
31
Let l(j) = j. Let s(c) = -